{"id":38,"date":"2021-02-19T17:11:58","date_gmt":"2021-02-19T17:11:58","guid":{"rendered":"https:\/\/ferienwohnung-berguen.ch\/?page_id=38"},"modified":"2024-03-30T16:45:49","modified_gmt":"2024-03-30T16:45:49","slug":"bedingungen","status":"publish","type":"page","link":"https:\/\/ferienwohnung-berguen.ch\/index.php\/bedingungen\/","title":{"rendered":"Bedingungen"},"content":{"rendered":"\n<p>Es ist uns ein grosses Anliegen, den Nutzerinnen und Nutzern der Wohnung &#8222;Il Tschierv&#8220; einen guten Komfort zu bieten, damit sie erholsame Ferien verbringen. Wir haben darauf geachtet, dass die Wohnung stilvoll eingerichtet und praktisch ausgestattet ist. <\/p>\n\n\n\n<p>Gleichzeitig ist uns der gegenseitige Respekt sowie der sorgsame Umgang mit Wohnung und Inventar \u00e4usserst wichtig.<\/p>\n\n\n\n<p>Damit f\u00fcr alle Beteiligten klare Regeln gelten verweisen wir auf die &#8222;Allgemeinen Gesch\u00e4ftsbedingungen&#8220; und die Hausordung weiter unten. F\u00fcr alle Mieterinnen und Mieter sind diese beiden Dokumente Bestandteil des Mietvertrages.<\/p>\n\n\n\n<p>Bei Fragen stehen wir gerne zur Verf\u00fcgung<br>Heike &amp; Thomas<\/p>\n\n\n\n<div style=\"height:70px\" aria-hidden=\"true\" class=\"wp-block-spacer\"><\/div>\n\n\n\n<p><\/p>\n\n\n\n<h4 class=\"wp-block-heading\">Allgemeine Gesch\u00e4ftsbedingungen<\/h4>\n\n\n\n<p><strong>1. Reservationen und Bezahlung<\/strong><br>Reservationen werden mit der Begleichung der Gesamtrechnung rechtsg\u00fcltig. In der Regel erfolgt die Begleichung der Gesamtrechnung per Rechnung\/Bank\u00fcberweisung. Die Bank\u00fcberweisung hat in Schweizer Franken und innert 30 Tagen zu erfolgen, sp\u00e4testens aber 14 Tage vor der Anreise. Andernfalls wird die Ferienwohnung wieder frei und buchbar. Nebenkosten wie Reinigung, Bettw\u00e4sche und Kurtaxen werden direkt mit dem Mietpreis verrechnet.<\/p>\n\n\n\n<p><strong>2. Annullationsbedingungen<\/strong><br>Kann der Mieter die vereinbarten Ferien nicht antreten, so hat er dies dem Vermieter so schnell wie m\u00f6glich zu melden. Er bleibt aber f\u00fcr den Mietzins haftbar, sofern nicht eine anderweitige Vermietung w\u00e4hrend der vorgesehenen Mietdauer m\u00f6glich ist. Es gelten folgende Bestimmungen (g\u00fcltig ab dem 1. Mai 2023): &nbsp;<\/p>\n\n\n\n<ul class=\"wp-block-list\">\n<li>Stornierungen, die bis zu 31 Tage vor Anreisedatum erfolgen, sind kostenfrei. <\/li>\n\n\n\n<li>Stornierungen, die 30 bis 15 Tage vor Anreisedatum erfolgen, werden mit 30% des Preises des Grundpreises verrechnet. <\/li>\n\n\n\n<li>Stornierungen, die 14 bis 7 Tage vor Anreisedatum erfolgen, werden mit 50% des Grundpreises verrechnet. <\/li>\n\n\n\n<li>Stornierungen die bis zu 7 Tage vor Anreisedatum erfolgen, werden mit 100% des Grundpreises verrechnet.<\/li>\n<\/ul>\n\n\n\n<p>Der Abschluss einer Annullationskosten-Versicherung wird empfohlen.<\/p>\n\n\n\n<p><strong>3. Beanstandungen<\/strong><br>Die Unterkunft wird dem Mieter in gereinigtem Zustand m\u00f6bliert und eingerichtet \u00fcbergeben. Beanstandungen der Wohnung haben bei der \u00dcbernahme der Wohnung zu erfolgen. Andernfalls wird angenommen, dass sich die Wohnung samt Inventar in verabredetem, vertragsgem\u00e4ssem guten Zustand befunden hat. Besch\u00e4digungen an der Unterkunft sowie besch\u00e4digte oder fehlende Inventar- und Einrichtungsgegenst\u00e4nde sind dem Vermieter sofort mitzuteilen und vom Mieter in Franken und nicht in natura zu verg\u00fcten bzw. zu ersetzen. Am Ende der Mietzeit hat der Mieter dem Vermieter die Schl\u00fcssel zu \u00fcbergeben und die Unterkunft sowie das Inventar in ordnungsgem\u00e4ssem Zustand zur\u00fcckzugeben.&nbsp;<\/p>\n\n\n\n<p><strong>4. H\u00f6here Gewalt<\/strong><br>Verhindern H\u00f6here Gewalt, Ereignisse die nicht voraussehbar sind wie Umweltkatastrophen oder Naturgewalten eine An- bzw. Abreise von-nach Berg\u00fcn oder Verhindern andere Gr\u00fcnde, die ebenfalls nicht zu beeinflussen sind, das Erbringen der Leistungen, Besteht keine Haftung des Vermieters. Dem Mieter steht kein Recht auf Vertragsaufl\u00f6sung, Mietpreisminderung oder Schadenersatz zu.<\/p>\n\n\n\n<p><strong>5. Keine Anreise per Flugzeug<\/strong><br>Wird ein Teil der Anreise mit dem Flugzeug get\u00e4tigt, so ist die Reservation ung\u00fcltig. Die Anreise ist nur per Bahn, Bus, Auto, Fahrrad oder zu Fuss m\u00f6glich. <\/p>\n\n\n\n<p><strong>6. Weitere Bestimmungen<\/strong><br>Die Wohnung darf weder ganz noch teilweise in Untermiete geben werden. Die Wohnung darf ferner nur von derjenigen Anzahl Personen bewohnt werden, wie im Mietvertrag vereinbart. Maximal d\u00fcrfen zwei Erwachsene und zwei Kinder in der Wohnung \u00fcbernachten.<\/p>\n\n\n\n<ul class=\"wp-block-list\">\n<li>Die Hausordnung ist integrierter Bestandteil des Mietvertrages.<\/li>\n\n\n\n<li>Selbstverschuldete Besch\u00e4digungen am der Wohnung oder am Inventar sind vom Mieter zu tragen.<\/li>\n\n\n\n<li>Wird die Wohnung sehr unordentlich, verunreinigt hinterlassen, so kann der Vermieter die Zusatzkosten f\u00fcr die Reinigung in Kosten stellen.<\/li>\n\n\n\n<li>Wo dieser Vertrag keine besonderen Bestimmungen enth\u00e4lt, gelten die Bestimmungen des Schweizerischen Obligationenrechts. F\u00fcr allf\u00e4llige Streitigkeiten aus dem vorliegenden Vertrag gilt der Ort des Mietobjekts als Gerichtsstand. Massgebend ist schweizerisches Recht.&nbsp;<\/li>\n<\/ul>\n\n\n\n<p>Berg\u00fcn, April 2021<\/p>\n\n\n\n<div style=\"height:26px\" aria-hidden=\"true\" class=\"wp-block-spacer\"><\/div>\n\n\n\n<div class=\"wp-block-buttons is-horizontal is-content-justification-center is-layout-flex wp-container-core-buttons-is-layout-03627597 wp-block-buttons-is-layout-flex\">\n<div class=\"wp-block-button\"><a class=\"wp-block-button__link wp-element-button\" href=\"https:\/\/ferienwohnung-berguen.ch\/wp-content\/uploads\/2023\/10\/231009_Hausordnung_Il-Tschierv.pdf\" target=\"_blank\" rel=\"noreferrer noopener\">Hausordnung (PDF)<\/a><\/div>\n<\/div>\n\n\n\n<p><\/p>\n","protected":false},"excerpt":{"rendered":"<p>Es ist uns ein grosses Anliegen, den Nutzerinnen und Nutzern der Wohnung &#8222;Il Tschierv&#8220; einen guten Komfort zu bieten, damit sie erholsame [&hellip;]<\/p>\n","protected":false},"author":1,"featured_media":0,"parent":0,"menu_order":0,"comment_status":"closed","ping_status":"closed","template":"page-templates\/page_fullwidth.php","meta":{"footnotes":""},"class_list":["post-38","page","type-page","status-publish","hentry"],"_links":{"self":[{"href":"https:\/\/ferienwohnung-berguen.ch\/index.php\/wp-json\/wp\/v2\/pages\/38","targetHints":{"allow":["GET"]}}],"collection":[{"href":"https:\/\/ferienwohnung-berguen.ch\/index.php\/wp-json\/wp\/v2\/pages"}],"about":[{"href":"https:\/\/ferienwohnung-berguen.ch\/index.php\/wp-json\/wp\/v2\/types\/page"}],"author":[{"embeddable":true,"href":"https:\/\/ferienwohnung-berguen.ch\/index.php\/wp-json\/wp\/v2\/users\/1"}],"replies":[{"embeddable":true,"href":"https:\/\/ferienwohnung-berguen.ch\/index.php\/wp-json\/wp\/v2\/comments?post=38"}],"version-history":[{"count":38,"href":"https:\/\/ferienwohnung-berguen.ch\/index.php\/wp-json\/wp\/v2\/pages\/38\/revisions"}],"predecessor-version":[{"id":498,"href":"https:\/\/ferienwohnung-berguen.ch\/index.php\/wp-json\/wp\/v2\/pages\/38\/revisions\/498"}],"wp:attachment":[{"href":"https:\/\/ferienwohnung-berguen.ch\/index.php\/wp-json\/wp\/v2\/media?parent=38"}],"curies":[{"name":"wp","href":"https:\/\/api.w.org\/{rel}","templated":true}]}}